e factors of p?
5, 7
Let z = -6 + -3. Let o(s) = s**2 + 8*s - 6. List the prime factors of o(z).
3
Suppose -4*n = -3*d - 234, -4*n - 110 + 328 = 5*d. List the prime factors of n.
3, 19
Suppose 11 + 3 = t. Suppose -4*s = -2*p - 40, -5*s + 20 = -3*s + 3*p. Let j = t - s. List the prime factors of j.
2
Suppose -2*j = -4*f + 6 + 24, 5*j + 50 = 5*f. Suppose -4*k = -3*k - 5, 5*k = f*x - 5. What are the prime factors of x?
2, 3
Suppose 0 = -6*m + 3*m. Suppose 0 = -2*p - 2*g - m*g + 20, -2*p - g = -17. List the prime factors of p.
7
Suppose -n = -5*u - 18, 0*n + 4*n - 2*u = 144. What are the prime factors of n?
2, 19
Let o(b) = 0*b - b + 2 + 0*b - 5. What are the prime factors of o(-5)?
2
Let z = 15 + -9. Suppose -z*c = -2*c - 24. Let j = 14 - c. List the prime factors of j.
2
Suppose 4 = 3*a - 2*j - 1, 1 = -3*a + 5*j. Let t(v) = -v**3 + 2*v**2 + 5*v - 4. Let g be t(a). List the prime factors of -10*(-3)/g + -3.
2, 3
Let n(o) = 2*o**3 - 3*o**2 + o - 4. Suppose 5*i - 3 = 12. What are the prime factors of n(i)?
2, 13
Let o be (-1)/(2 + (-14)/6). Let f(t) = t - 2. Let b(w) = -1. Let m(d) = -2*b(d) + f(d). What are the prime factors of m(o)?
3
Suppose 162 = 2*i + 50. Let b = i + -20. Suppose -2*o - b = -4*o. List the prime factors of o.
2, 3
Let n(l) = -l**3 - 7*l**2 - 5*l - 2. Let f be n(-6). What are the prime factors of 2*-1 + (1 - f)?
7
Suppose -29 = -3*t - s + 82, -4*s + 111 = 3*t. What are the prime factors of t?
37
Suppose -3 = -5*o + 2. Let c(u) = u**2 + u - 1. Let g be c(o). Let r = 6 + g. What are the prime factors of r?
7
Let c = -23 + 64. List the prime factors of c.
41
Let y be -4*(4 + -2) - 1. Suppose b - 4 = -6, -4*h + 102 = -3*b. Let d = y + h. What are the prime factors of d?
3, 5
Suppose 0 = 10*x - 5*x + 195. List the prime factors of -2 - (-2 - x)/(-1).
5, 7
Let j(x) be the third derivative of 19*x**4/24 + x**3/6 + 3*x**2. List the prime factors of j(1).
2, 5
Let n = -3 - -5. Suppose 0*u + n*u - 8 = 0. List the prime factors of (3*2)/(u/6).
3
Suppose 5*f = 3*z + 68 - 8, -20 = z - f. Let j be (12/(-18))/(4/(-174)). Let o = z + j. List the prime factors of o.
3
Let c = -80 + 146. What are the prime factors of c?
2, 3, 11
Suppose 2*y = 4*y - 76. Suppose 0 = -2*v + 2*u + y, 2*v - 5*v + 59 = -u. List the prime factors of v.
2, 5
Let g(l) = -l**2 + 4*l - 2*l + 5*l - 9. Let m be g(6). Let a = 6 + m. What are the prime factors of a?
3
Suppose 4 = 2*z - 0. Suppose 4*t = -z*a + 26, -t - 4*a = 3*t - 36. What are the prime factors of t?
2
Let z(i) = i**3 + 8*i**2 - i - 3. Let n be z(-8). Suppose -2*w = 11 - 53. Suppose -p = -n*o + 4*o + w, -4*o + 84 = 2*p. List the prime factors of o.
3, 7
Suppose -2*a = 4*f - 2, 5*f - 40 = -5*a - 10. List the prime factors of a.
11
Suppose -105 - 408 = -3*t. What are the prime factors of t?
3, 19
Let n(v) = -v**2 + 9*v + 10. Let o be n(7). Suppose 0 = 3*y + y + o. What are the prime factors of (-2)/(y/4 + 1)?
2
Let n(o) = o**3 + 3*o**2 - 6*o - 6. Let t be n(-4). Suppose -3*s - 96 = -3*y, -4*s = -t*s + 10. List the prime factors of y.
3
Let m(r) = -r**2 + 12*r - 8. What are the prime factors of m(8)?
2, 3
What are the prime factors of (-29)/(-2) - (-2)/4?
3, 5
Let u(d) = d**2 + 2*d - 3. Let n be u(-4). Suppose -5*i = -20, -2*q + n*i - 11 + 1 = 0. What are the prime factors of q?
5
Suppose 3*o - 3 = 0, -4*o + 12 = 4*d - 76. Let p = 26 - d. List the prime factors of p.
5
Let d(y) = -y**3 + 5*y**2 + 6*y - 7. Let w be d(6). Let n = 4 + w. List the prime factors of 2/n - 192/(-18).
2, 5
Suppose -2*t - p = -8, 3*p = 2*t + 2 + 6. Let b = t - 4. What are the prime factors of 15*(4/b - -3)?
3, 5
Suppose 5*h + 2 = -8. Let m = -23 + -25. List the prime factors of m/(-22) + h/11.
2
What are the prime factors of (-2 + 2 - 41)/(9 + -10)?
41
Let p(z) = -2*z + 55. List the prime factors of p(17).
3, 7
Suppose 3*u - 4*q - 92 = 0, -3*q - 2*q - 10 = 0. List the prime factors of u.
2, 7
Let z(k) = k + 1. Let n(x) = -x. Let s(r) = 2*n(r) + z(r). List the prime factors of s(-3).
2
Let f(a) = 6*a**2 - 8*a + 3. What are the prime factors of f(4)?
67
Suppose -6*i - 568 + 1366 = 0. List the prime factors of i.
7, 19
Let i = 25 - 21. List the prime factors of i.
2
What are the prime factors of (90/(-54))/((-2)/6)?
5
Let u be -1 + 1 + (-5)/(-1). Suppose 9 - 39 = -u*o. Suppose -o*r + r + 60 = 0. What are the prime factors of r?
2, 3
Let s(p) = -25*p + 66. List the prime factors of s(-8).
2, 7, 19
Suppose -41 = -3*o + 19. Let f be 2/3 - o/(-15). What are the prime factors of 291/27 + f/9?
11
Suppose 3*v + 242 = 4*b, 63 = 5*b - 4*v - 240. What are the prime factors of b?
59
Let a = 1 - -1. Let q be 2/(3/(3*a)). Let r = 9 - q. List the prime factors of r.
5
Let l(f) be the first derivative of f**5/20 - f**4/12 - 2*f**3/3 + f**2/2 - 2. Let v(w) be the second derivative of l(w). What are the prime factors of v(3)?
17
List the prime factors of (-6)/12*(-115 + 1).
3, 19
Let x(u) be the second derivative of u**2 + 1/2*u**3 + 0 - 2*u. List the prime factors of x(3).
11
Suppose 2*j = -a - 2*j + 6, -4*a + 2*j + 6 = 0. Suppose 4*y = 3*p + 24, y + a*p = 2*y - 1. What are the prime factors of y?
3
Suppose 116 = 4*a - 60. What are the prime factors of a?
2, 11
Suppose 4*i - 62 = -q + 114, 0 = -5*i - 5. What are the prime factors of q?
2, 3, 5
Suppose -3*j = 5*m - 127, 4*j - m - 19 = 158. What are the prime factors of j?
2, 11
Suppose -3*q = -10*q + 819. List the prime factors of q.
3, 13
Let l = -1 + 26. Suppose y = -5*a + 10 + 13, 3*y = -4*a + l. What are the prime factors of y?
3
Let g be 4/(-8)*(4 - 0). Let t be ((-9)/g)/((-4)/(-8)). Let n = t + -6. List the prime factors of n.
3
Suppose r = 3*r - 194. List the prime factors of r.
97
Let p = -106 + 214. List the prime factors of p.
2, 3
Suppose 8*u - 7*u = 19. Suppose -r + 24 = -u. What are the prime factors of r?
43
Let v = 15 - 23. What are the prime factors of ((-18)/(-4))/((-4)/v)?
3
What are the prime factors of (-2)/(-7) + (-18864)/(-126)?
2, 3, 5
Suppose 0 = v + 53 - 14. Let g = -8 - v. What are the prime factors of g?
31
Suppose -4*w + 352 = r, -3*w - r + 135 + 130 = 0. What are the prime factors of w?
3, 29
Let y = -3 - -8. Suppose 2*i - y = 49. List the prime factors of i.
3
Let k be (1/3)/((-4)/12). Let c be (-40)/25 + 4/(-10). List the prime factors of -11*((c - k) + 0).
11
Suppose -234 = -2*j + q, q - 607 = -5*j - 2*q. List the prime factors of j.
7, 17
List the prime factors of -5*(312/(-20) + 0).
2, 3, 13
Let p = -103 + 240. List the prime factors of p.
137
Let i(k) = 69*k - 10. List the prime factors of i(2).
2
Let f(z) = -2*z - 6. Let m be f(5). Let v = m - -24. Suppose -5*x + v = -27. What are the prime factors of x?
7
Suppose -17*s = -12*s - 5. List the prime factors of -23*(s + 1 - 3).
23
Let y(r) = 2*r + 4. Let l be y(2). Suppose -t + 27 = l. What are the prime factors of t?
19
Let x(p) be the first derivative of p**3/3 + 3*p**2/2 - 2*p + 1. Let f be x(-4). Suppose 7 = q - 2*m, -3*m - 26 = -5*q - f*m. What are the prime factors of q?
5
Let j be (-49)/(-4) + 10/(-40). Let q = j - 7. What are the prime factors of q?
5
Let f be -16*1/(-2)*-2. Let s = f + 23. List the prime factors of s.
7
Let p be 15/(-3)*(1 + -2). Suppose -4*t = p*d - 35, 5*d + t + 3 = 23. What are the prime factors of d?
3
Let f(g) = 19*g - 23. What are the prime factors of f(6)?
7, 13
Let h = 116 + 16. List the prime factors of h.
2, 3, 11
Suppose 415 = 5*m - z, 3*z = 2*m + 4*z - 166. What are the prime factors of m?
83
Suppose -4*q + b = 6*b - 45, 3*b = q + 10. What are the prime factors of q?
5
Suppose 0*u - 2*u + 6 = 0. Suppose u*a = 4*a. Let b(m) = m + 7. List the prime factors of b(a).
7
Let k(h) = -70*h - 39. List the prime factors of k(-5).
311
Let o(q) = q**3 + 3*q**2 - 11*q - 1. What are the prime factors of o(4)?
67
Suppose 0 = -5*u + 2*u - 69. Let k = u - -40. What are the prime factors of k?
17
Suppose -3*d + 2 = -1. Suppose 5*p - 33 = 87. Suppose 2*l + y = d, 5*y + p = -l + 2. What are the prime factors of l?
3
Suppose 2*f + 326 = 5*h, -5*h + 349 = f + 17. What are the prime factors of h?
2, 3, 11
Let f = -1 + -1. Let o be (-70)/(-3) - f/3. List the prime factors of (0 - o/(-15))*5.
2
Let d = 17 - -24. Suppose d = -4*q + 5. What are the prime factors of -39*((-3)/(-1))/q?
13
Let v(n) = n**2 - n + 7. 